{"version":"1.0","provider_name":"ADRA Moldova","provider_url":"https:\/\/adra.md\/ru\/","author_name":"ADRA Moldova","author_url":"https:\/\/adra.md\/ru\/author\/andrei-girleanu\/","title":"A fi refugiat - nu este o alegere! - ADRA Moldova","type":"rich","width":600,"height":338,"html":"<blockquote class=\"wp-embedded-content\" data-secret=\"KY8VrkkXMq\"><a href=\"https:\/\/adra.md\/ru\/a-fi-refugiat-nu-este-o-alegere\/\">A fi refugiat &#8211; nu este o alegere!<\/a><\/blockquote><iframe sandbox=\"allow-scripts\" security=\"restricted\" src=\"https:\/\/adra.md\/ru\/a-fi-refugiat-nu-este-o-alegere\/embed\/#?secret=KY8VrkkXMq\" width=\"600\" height=\"338\" title=\"\u00abA fi refugiat &#8211; nu este o alegere!\u00bb &#8212; ADRA Moldova\" data-secret=\"KY8VrkkXMq\" frameborder=\"0\" marginwidth=\"0\" marginheight=\"0\" scrolling=\"no\" class=\"wp-embedded-content\"><\/iframe><script>\n\/*! This file is auto-generated *\/\n!function(d,l){\"use strict\";l.querySelector&&d.addEventListener&&\"undefined\"!=typeof URL&&(d.wp=d.wp||{},d.wp.receiveEmbedMessage||(d.wp.receiveEmbedMessage=function(e){var t=e.data;if((t||t.secret||t.message||t.value)&&!\/[^a-zA-Z0-9]\/.test(t.secret)){for(var s,r,n,a=l.querySelectorAll('iframe[data-secret=\"'+t.secret+'\"]'),o=l.querySelectorAll('blockquote[data-secret=\"'+t.secret+'\"]'),c=new RegExp(\"^https?:$\",\"i\"),i=0;i<o.length;i++)o[i].style.display=\"none\";for(i=0;i<a.length;i++)s=a[i],e.source===s.contentWindow&&(s.removeAttribute(\"style\"),\"height\"===t.message?(1e3<(r=parseInt(t.value,10))?r=1e3:~~r<200&&(r=200),s.height=r):\"link\"===t.message&&(r=new URL(s.getAttribute(\"src\")),n=new URL(t.value),c.test(n.protocol))&&n.host===r.host&&l.activeElement===s&&(d.top.location.href=t.value))}},d.addEventListener(\"message\",d.wp.receiveEmbedMessage,!1),l.addEventListener(\"DOMContentLoaded\",function(){for(var e,t,s=l.querySelectorAll(\"iframe.wp-embedded-content\"),r=0;r<s.length;r++)(t=(e=s[r]).getAttribute(\"data-secret\"))||(t=Math.random().toString(36).substring(2,12),e.src+=\"#?secret=\"+t,e.setAttribute(\"data-secret\",t)),e.contentWindow.postMessage({message:\"ready\",secret:t},\"*\")},!1)))}(window,document);\n\/\/# sourceURL=https:\/\/adra.md\/wp-includes\/js\/wp-embed.min.js\n<\/script>","thumbnail_url":"https:\/\/adra.md\/wp-content\/uploads\/2023\/12\/405891236_17928868667795376_7776833513719799590_n.jpg","thumbnail_width":1440,"thumbnail_height":1654,"description":"A fi refugiat &#8211; nu este o alegere! \u00cen cadrul proiectului derulat cu suportul financiar IOM Moldova, reu\u0219im s\u0103 sus\u021binem refugia\u021bii din regiunea Transnistrean\u0103 cu cash. Recent am petrecut o sesiune de informare despre ajutorul pentru iarn\u0103, procesul de re-\u00eenregistrare, pl\u0103\u021bi \u0219i alte momente care apar pe parcursul procesului de munc\u0103. Fiecare refugiat a primit [&hellip;]"}

A fi refugiat &#8211; nu este o alegere! În cadrul proiectului derulat cu suportul financiar IOM Moldova, reușim să susținem refugiații din regiunea Transnistreană cu cash. Recent am petrecut o sesiune de informare despre ajutorul pentru iarnă, procesul de re-înregistrare, plăți și alte momente care apar pe parcursul procesului de muncă. Fiecare refugiat a primit [&hellip;]
