{"version":"1.0","provider_name":"ADRA Moldova","provider_url":"https:\/\/adra.md\/ru\/","author_name":"ADRA Moldova","author_url":"https:\/\/adra.md\/ru\/author\/andrei-girleanu\/","title":"Ce le place cel mai mult copiilor? - ADRA Moldova","type":"rich","width":600,"height":338,"html":"<blockquote class=\"wp-embedded-content\" data-secret=\"byqX3QM2ml\"><a href=\"https:\/\/adra.md\/ru\/ce-le-place-cel-mai-mult-copiilor\/\">Ce le place cel mai mult copiilor?<\/a><\/blockquote><iframe sandbox=\"allow-scripts\" security=\"restricted\" src=\"https:\/\/adra.md\/ru\/ce-le-place-cel-mai-mult-copiilor\/embed\/#?secret=byqX3QM2ml\" width=\"600\" height=\"338\" title=\"\u00abCe le place cel mai mult copiilor?\u00bb &#8212; ADRA Moldova\" data-secret=\"byqX3QM2ml\" frameborder=\"0\" marginwidth=\"0\" marginheight=\"0\" scrolling=\"no\" class=\"wp-embedded-content\"><\/iframe><script>\n\/*! This file is auto-generated *\/\n!function(d,l){\"use strict\";l.querySelector&&d.addEventListener&&\"undefined\"!=typeof URL&&(d.wp=d.wp||{},d.wp.receiveEmbedMessage||(d.wp.receiveEmbedMessage=function(e){var t=e.data;if((t||t.secret||t.message||t.value)&&!\/[^a-zA-Z0-9]\/.test(t.secret)){for(var s,r,n,a=l.querySelectorAll('iframe[data-secret=\"'+t.secret+'\"]'),o=l.querySelectorAll('blockquote[data-secret=\"'+t.secret+'\"]'),c=new RegExp(\"^https?:$\",\"i\"),i=0;i<o.length;i++)o[i].style.display=\"none\";for(i=0;i<a.length;i++)s=a[i],e.source===s.contentWindow&&(s.removeAttribute(\"style\"),\"height\"===t.message?(1e3<(r=parseInt(t.value,10))?r=1e3:~~r<200&&(r=200),s.height=r):\"link\"===t.message&&(r=new URL(s.getAttribute(\"src\")),n=new URL(t.value),c.test(n.protocol))&&n.host===r.host&&l.activeElement===s&&(d.top.location.href=t.value))}},d.addEventListener(\"message\",d.wp.receiveEmbedMessage,!1),l.addEventListener(\"DOMContentLoaded\",function(){for(var e,t,s=l.querySelectorAll(\"iframe.wp-embedded-content\"),r=0;r<s.length;r++)(t=(e=s[r]).getAttribute(\"data-secret\"))||(t=Math.random().toString(36).substring(2,12),e.src+=\"#?secret=\"+t,e.setAttribute(\"data-secret\",t)),e.contentWindow.postMessage({message:\"ready\",secret:t},\"*\")},!1)))}(window,document);\n\/\/# sourceURL=https:\/\/adra.md\/wp-includes\/js\/wp-embed.min.js\n<\/script>","thumbnail_url":"https:\/\/adra.md\/wp-content\/uploads\/2023\/01\/318455820_167501812642447_3714465238418270578_n.jpg","thumbnail_width":1440,"thumbnail_height":1800,"description":"Cum crede\u021bi, care este activitatea preferat\u0103 a copiilor? Noi am ajuns la concluzia: Copiii ador\u0103 s\u0103 se afle \u00eentr-o atmosfer\u0103 degajat\u0103 unde nu sunt obliga\u021bi s\u0103 fac\u0103 teme \u0219i s\u0103 \u00eendeplineasc\u0103 comenzi foarte complicate. Deci: S\u0103 z\u00e2mbeasc\u0103 S\u0103 zburde S\u0103 se simt\u0103 bine Sunte\u021bi deacord? Am organizat pentru copiii \u0219colii din Chiriet Lunga o mul\u021bime [&hellip;]"}

Cum credeți, care este activitatea preferată a copiilor? Noi am ajuns la concluzia: Copiii adoră să se afle într-o atmosferă degajată unde nu sunt obligați să facă teme și să îndeplinească comenzi foarte complicate. Deci: Să zâmbească Să zburde Să se simtă bine Sunteți deacord? Am organizat pentru copiii școlii din Chiriet Lunga o mulțime [&hellip;]
