{"version":"1.0","provider_name":"ADRA Moldova","provider_url":"https:\/\/adra.md\/ru\/","author_name":"ADRA Moldova","author_url":"https:\/\/adra.md\/ru\/author\/andrei-girleanu\/","title":"Copii pentru copii! - ADRA Moldova","type":"rich","width":600,"height":338,"html":"<blockquote class=\"wp-embedded-content\" data-secret=\"sKEd9S0HTU\"><a href=\"https:\/\/adra.md\/ru\/copii-pentru-copii\/\">Copii pentru copii!<\/a><\/blockquote><iframe sandbox=\"allow-scripts\" security=\"restricted\" src=\"https:\/\/adra.md\/ru\/copii-pentru-copii\/embed\/#?secret=sKEd9S0HTU\" width=\"600\" height=\"338\" title=\"\u00abCopii pentru copii!\u00bb &#8212; ADRA Moldova\" data-secret=\"sKEd9S0HTU\" frameborder=\"0\" marginwidth=\"0\" marginheight=\"0\" scrolling=\"no\" class=\"wp-embedded-content\"><\/iframe><script>\n\/*! This file is auto-generated *\/\n!function(d,l){\"use strict\";l.querySelector&&d.addEventListener&&\"undefined\"!=typeof URL&&(d.wp=d.wp||{},d.wp.receiveEmbedMessage||(d.wp.receiveEmbedMessage=function(e){var t=e.data;if((t||t.secret||t.message||t.value)&&!\/[^a-zA-Z0-9]\/.test(t.secret)){for(var s,r,n,a=l.querySelectorAll('iframe[data-secret=\"'+t.secret+'\"]'),o=l.querySelectorAll('blockquote[data-secret=\"'+t.secret+'\"]'),c=new RegExp(\"^https?:$\",\"i\"),i=0;i<o.length;i++)o[i].style.display=\"none\";for(i=0;i<a.length;i++)s=a[i],e.source===s.contentWindow&&(s.removeAttribute(\"style\"),\"height\"===t.message?(1e3<(r=parseInt(t.value,10))?r=1e3:~~r<200&&(r=200),s.height=r):\"link\"===t.message&&(r=new URL(s.getAttribute(\"src\")),n=new URL(t.value),c.test(n.protocol))&&n.host===r.host&&l.activeElement===s&&(d.top.location.href=t.value))}},d.addEventListener(\"message\",d.wp.receiveEmbedMessage,!1),l.addEventListener(\"DOMContentLoaded\",function(){for(var e,t,s=l.querySelectorAll(\"iframe.wp-embedded-content\"),r=0;r<s.length;r++)(t=(e=s[r]).getAttribute(\"data-secret\"))||(t=Math.random().toString(36).substring(2,12),e.src+=\"#?secret=\"+t,e.setAttribute(\"data-secret\",t)),e.contentWindow.postMessage({message:\"ready\",secret:t},\"*\")},!1)))}(window,document);\n\/\/# sourceURL=https:\/\/adra.md\/wp-includes\/js\/wp-embed.min.js\n<\/script>","thumbnail_url":"https:\/\/adra.md\/wp-content\/uploads\/2025\/04\/473665568_17982447989795376_1982699881892906768_n.jpg","thumbnail_width":1440,"thumbnail_height":1440,"description":"An de an, ADRA Elve\u021bia \u0219i copila\u0219ii care aduna cele mai utile \u0219i frumoase lucrurile \u0219i le ambaleaz\u0103 frumos in cutii, se g\u00e2ndesc la copiii \u00een situa\u021bii vulnerabile din Republica Moldova. An de an, primim cu pl\u0103cere pe reprezentan\u021bi ai donatorilor no\u0219tri, pentru a merge \u00een familii, pentru a d\u0103rui bucurie \u0219i a culege z\u00e2mbete! [&hellip;]"}

An de an, ADRA Elveția și copilașii care aduna cele mai utile și frumoase lucrurile și le ambalează frumos in cutii, se gândesc la copiii în situații vulnerabile din Republica Moldova. An de an, primim cu plăcere pe reprezentanți ai donatorilor noștri, pentru a merge în familii, pentru a dărui bucurie și a culege zâmbete! [&hellip;]
