{"version":"1.0","provider_name":"ADRA Moldova","provider_url":"https:\/\/adra.md\/ru\/","author_name":"ADRA Moldova","author_url":"https:\/\/adra.md\/ru\/author\/andrei-girleanu\/","title":"\u00cempreun\u0103 facem lumea mai bun\u0103! - ADRA Moldova","type":"rich","width":600,"height":338,"html":"<blockquote class=\"wp-embedded-content\" data-secret=\"we3ZDhRfor\"><a href=\"https:\/\/adra.md\/ru\/impreuna-facem-lumea-mai-buna\/\">\u00cempreun\u0103 facem lumea mai bun\u0103!<\/a><\/blockquote><iframe sandbox=\"allow-scripts\" security=\"restricted\" src=\"https:\/\/adra.md\/ru\/impreuna-facem-lumea-mai-buna\/embed\/#?secret=we3ZDhRfor\" width=\"600\" height=\"338\" title=\"\u00ab\u00cempreun\u0103 facem lumea mai bun\u0103!\u00bb &#8212; ADRA Moldova\" data-secret=\"we3ZDhRfor\" frameborder=\"0\" marginwidth=\"0\" marginheight=\"0\" scrolling=\"no\" class=\"wp-embedded-content\"><\/iframe><script>\n\/*! This file is auto-generated *\/\n!function(d,l){\"use strict\";l.querySelector&&d.addEventListener&&\"undefined\"!=typeof URL&&(d.wp=d.wp||{},d.wp.receiveEmbedMessage||(d.wp.receiveEmbedMessage=function(e){var t=e.data;if((t||t.secret||t.message||t.value)&&!\/[^a-zA-Z0-9]\/.test(t.secret)){for(var s,r,n,a=l.querySelectorAll('iframe[data-secret=\"'+t.secret+'\"]'),o=l.querySelectorAll('blockquote[data-secret=\"'+t.secret+'\"]'),c=new RegExp(\"^https?:$\",\"i\"),i=0;i<o.length;i++)o[i].style.display=\"none\";for(i=0;i<a.length;i++)s=a[i],e.source===s.contentWindow&&(s.removeAttribute(\"style\"),\"height\"===t.message?(1e3<(r=parseInt(t.value,10))?r=1e3:~~r<200&&(r=200),s.height=r):\"link\"===t.message&&(r=new URL(s.getAttribute(\"src\")),n=new URL(t.value),c.test(n.protocol))&&n.host===r.host&&l.activeElement===s&&(d.top.location.href=t.value))}},d.addEventListener(\"message\",d.wp.receiveEmbedMessage,!1),l.addEventListener(\"DOMContentLoaded\",function(){for(var e,t,s=l.querySelectorAll(\"iframe.wp-embedded-content\"),r=0;r<s.length;r++)(t=(e=s[r]).getAttribute(\"data-secret\"))||(t=Math.random().toString(36).substring(2,12),e.src+=\"#?secret=\"+t,e.setAttribute(\"data-secret\",t)),e.contentWindow.postMessage({message:\"ready\",secret:t},\"*\")},!1)))}(window,document);\n\/\/# sourceURL=https:\/\/adra.md\/wp-includes\/js\/wp-embed.min.js\n<\/script>","thumbnail_url":"https:\/\/adra.md\/wp-content\/uploads\/2022\/09\/302764187_158209066813453_583713258455300177_n.jpeg","thumbnail_width":2000,"thumbnail_height":1500,"description":"ADRA Moldova m\u00e2na \u00een m\u00e2n\u0103 cu donatorul din Republica Ceh\u0103 (Ministry of Foreign Affairs of the Czech Republic), a reu\u0219it la acest \u00eenceput de an \u0219colar 2022-2023 s\u0103 bucure ochii \u0219i m\u00e2nu\u021bele copiilor refugia\u021bi din Ucraina cu rucsace colorate \u0219i exact potrivite v\u00e2rstei lor. Ace\u0219ti copii vor acumula cuno\u0219tin\u021be \u0219i \u00ee\u0219i vor face noi prieteni [&hellip;]"}

Împreună facem lumea mai bună! - ADRA Moldova

<blockquote class="wp-embedded-content" data-secret="we3ZDhRfor"><a href="https://adra.md/ru/impreuna-facem-lumea-mai-buna/">Împreună facem lumea mai bună!</a></blockquote><iframe sandbox="allow-scripts" security="restricted" src="https://adra.md/ru/impreuna-facem-lumea-mai-buna/embed/#?secret=we3ZDhRfor" width="600" height="338" title="«Împreună facem lumea mai bună!» &#8212; ADRA Moldova" data-secret="we3ZDhRfor" frameborder="0" marginwidth="0" marginheight="0" scrolling="no" class="wp-embedded-content"></iframe><script>
/*! This file is auto-generated */
!function(d,l){"use strict";l.querySelector&&d.addEventListener&&"undefined"!=typeof URL&&(d.wp=d.wp||{},d.wp.receiveEmbedMessage||(d.wp.receiveEmbedMessage=function(e){var t=e.data;if((t||t.secret||t.message||t.value)&&!/[^a-zA-Z0-9]/.test(t.secret)){for(var s,r,n,a=l.querySelectorAll('iframe[data-secret="'+t.secret+'"]'),o=l.querySelectorAll('blockquote[data-secret="'+t.secret+'"]'),c=new RegExp("^https?:$","i"),i=0;i<o.length;i++)o[i].style.display="none";for(i=0;i<a.length;i++)s=a[i],e.source===s.contentWindow&&(s.removeAttribute("style"),"height"===t.message?(1e3<(r=parseInt(t.value,10))?r=1e3:~~r<200&&(r=200),s.height=r):"link"===t.message&&(r=new URL(s.getAttribute("src")),n=new URL(t.value),c.test(n.protocol))&&n.host===r.host&&l.activeElement===s&&(d.top.location.href=t.value))}},d.addEventListener("message",d.wp.receiveEmbedMessage,!1),l.addEventListener("DOMContentLoaded",function(){for(var e,t,s=l.querySelectorAll("iframe.wp-embedded-content"),r=0;r<s.length;r++)(t=(e=s[r]).getAttribute("data-secret"))||(t=Math.random().toString(36).substring(2,12),e.src+="#?secret="+t,e.setAttribute("data-secret",t)),e.contentWindow.postMessage({message:"ready",secret:t},"*")},!1)))}(window,document);
//# sourceURL=https://adra.md/wp-includes/js/wp-embed.min.js
</script>

ADRA Moldova mâna în mână cu donatorul din Republica Cehă (Ministry of Foreign Affairs of the Czech Republic), a reușit la acest început de an școlar 2022-2023 să bucure ochii și mânuțele copiilor refugiați din Ucraina cu rucsace colorate și exact potrivite vârstei lor. Acești copii vor acumula cunoștințe și își vor face noi prieteni [&hellip;]
