{"version":"1.0","provider_name":"ADRA Moldova","provider_url":"https:\/\/adra.md\/ru\/","author_name":"ADRA Moldova","author_url":"https:\/\/adra.md\/ru\/author\/andrei-girleanu\/","title":"Pacea interioar\u0103 este o c\u0103l\u0103torie! - ADRA Moldova","type":"rich","width":600,"height":338,"html":"<blockquote class=\"wp-embedded-content\" data-secret=\"OU1Uyg2SQo\"><a href=\"https:\/\/adra.md\/ru\/pacea-interioara-este-o-calatorie\/\">Pacea interioar\u0103 este o c\u0103l\u0103torie!<\/a><\/blockquote><iframe sandbox=\"allow-scripts\" security=\"restricted\" src=\"https:\/\/adra.md\/ru\/pacea-interioara-este-o-calatorie\/embed\/#?secret=OU1Uyg2SQo\" width=\"600\" height=\"338\" title=\"\u00abPacea interioar\u0103 este o c\u0103l\u0103torie!\u00bb &#8212; ADRA Moldova\" data-secret=\"OU1Uyg2SQo\" frameborder=\"0\" marginwidth=\"0\" marginheight=\"0\" scrolling=\"no\" class=\"wp-embedded-content\"><\/iframe><script>\n\/*! This file is auto-generated *\/\n!function(d,l){\"use strict\";l.querySelector&&d.addEventListener&&\"undefined\"!=typeof URL&&(d.wp=d.wp||{},d.wp.receiveEmbedMessage||(d.wp.receiveEmbedMessage=function(e){var t=e.data;if((t||t.secret||t.message||t.value)&&!\/[^a-zA-Z0-9]\/.test(t.secret)){for(var s,r,n,a=l.querySelectorAll('iframe[data-secret=\"'+t.secret+'\"]'),o=l.querySelectorAll('blockquote[data-secret=\"'+t.secret+'\"]'),c=new RegExp(\"^https?:$\",\"i\"),i=0;i<o.length;i++)o[i].style.display=\"none\";for(i=0;i<a.length;i++)s=a[i],e.source===s.contentWindow&&(s.removeAttribute(\"style\"),\"height\"===t.message?(1e3<(r=parseInt(t.value,10))?r=1e3:~~r<200&&(r=200),s.height=r):\"link\"===t.message&&(r=new URL(s.getAttribute(\"src\")),n=new URL(t.value),c.test(n.protocol))&&n.host===r.host&&l.activeElement===s&&(d.top.location.href=t.value))}},d.addEventListener(\"message\",d.wp.receiveEmbedMessage,!1),l.addEventListener(\"DOMContentLoaded\",function(){for(var e,t,s=l.querySelectorAll(\"iframe.wp-embedded-content\"),r=0;r<s.length;r++)(t=(e=s[r]).getAttribute(\"data-secret\"))||(t=Math.random().toString(36).substring(2,12),e.src+=\"#?secret=\"+t,e.setAttribute(\"data-secret\",t)),e.contentWindow.postMessage({message:\"ready\",secret:t},\"*\")},!1)))}(window,document);\n\/\/# sourceURL=https:\/\/adra.md\/wp-includes\/js\/wp-embed.min.js\n<\/script>","thumbnail_url":"https:\/\/adra.md\/wp-content\/uploads\/2024\/04\/433678588_17943889409795376_6245295873220362583_n.jpg","thumbnail_width":1440,"thumbnail_height":1800,"description":"\u00cen cadrul \u00eent\u00e2lnirilor noastre de grup cu psihologul, am descoperit c\u0103 pacea interioar\u0103 este mai mult dec\u00e2t o dorin\u021b\u0103 &#8211; este o c\u0103l\u0103torie. Am \u00eenv\u0103\u021bat c\u0103 este normal s\u0103 sim\u021bim haos \u00een mintea \u0219i inima noastr\u0103 uneori, dar \u0219i c\u0103 exist\u0103 modalit\u0103\u021bi de a g\u0103si echilibrul \u0219i lini\u0219tea \u00een interior. Fiecare \u0219edin\u021b\u0103 este o oportunitate [&hellip;]"}

Pacea interioară este o călătorie! - ADRA Moldova

<blockquote class="wp-embedded-content" data-secret="OU1Uyg2SQo"><a href="https://adra.md/ru/pacea-interioara-este-o-calatorie/">Pacea interioară este o călătorie!</a></blockquote><iframe sandbox="allow-scripts" security="restricted" src="https://adra.md/ru/pacea-interioara-este-o-calatorie/embed/#?secret=OU1Uyg2SQo" width="600" height="338" title="«Pacea interioară este o călătorie!» &#8212; ADRA Moldova" data-secret="OU1Uyg2SQo" frameborder="0" marginwidth="0" marginheight="0" scrolling="no" class="wp-embedded-content"></iframe><script>
/*! This file is auto-generated */
!function(d,l){"use strict";l.querySelector&&d.addEventListener&&"undefined"!=typeof URL&&(d.wp=d.wp||{},d.wp.receiveEmbedMessage||(d.wp.receiveEmbedMessage=function(e){var t=e.data;if((t||t.secret||t.message||t.value)&&!/[^a-zA-Z0-9]/.test(t.secret)){for(var s,r,n,a=l.querySelectorAll('iframe[data-secret="'+t.secret+'"]'),o=l.querySelectorAll('blockquote[data-secret="'+t.secret+'"]'),c=new RegExp("^https?:$","i"),i=0;i<o.length;i++)o[i].style.display="none";for(i=0;i<a.length;i++)s=a[i],e.source===s.contentWindow&&(s.removeAttribute("style"),"height"===t.message?(1e3<(r=parseInt(t.value,10))?r=1e3:~~r<200&&(r=200),s.height=r):"link"===t.message&&(r=new URL(s.getAttribute("src")),n=new URL(t.value),c.test(n.protocol))&&n.host===r.host&&l.activeElement===s&&(d.top.location.href=t.value))}},d.addEventListener("message",d.wp.receiveEmbedMessage,!1),l.addEventListener("DOMContentLoaded",function(){for(var e,t,s=l.querySelectorAll("iframe.wp-embedded-content"),r=0;r<s.length;r++)(t=(e=s[r]).getAttribute("data-secret"))||(t=Math.random().toString(36).substring(2,12),e.src+="#?secret="+t,e.setAttribute("data-secret",t)),e.contentWindow.postMessage({message:"ready",secret:t},"*")},!1)))}(window,document);
//# sourceURL=https://adra.md/wp-includes/js/wp-embed.min.js
</script>

În cadrul întâlnirilor noastre de grup cu psihologul, am descoperit că pacea interioară este mai mult decât o dorință &#8211; este o călătorie. Am învățat că este normal să simțim haos în mintea și inima noastră uneori, dar și că există modalități de a găsi echilibrul și liniștea în interior. Fiecare ședință este o oportunitate [&hellip;]
